{"version":"1.0","provider_name":"Chemins de Dialogue","provider_url":"https:\/\/icm.catholique.fr\/cheminsdedialogue","author_name":"CDD13","author_url":"https:\/\/icm.catholique.fr\/cheminsdedialogue\/author\/cdd13\/","title":"Jean-Louis Tauran : Le courage et la libert\u00e9 - Mgr Jean-Marc Aveline - Chemins de Dialogue","type":"rich","width":600,"height":338,"html":"<blockquote class=\"wp-embedded-content\" data-secret=\"xdy3lviGio\"><a href=\"https:\/\/icm.catholique.fr\/cheminsdedialogue\/jean-louis-tauran-le-courage-et-la-liberte\/\">Jean-Louis Tauran : Le courage et la libert\u00e9 &#8211;  Mgr Jean-Marc Aveline<\/a><\/blockquote><iframe sandbox=\"allow-scripts\" security=\"restricted\" src=\"https:\/\/icm.catholique.fr\/cheminsdedialogue\/jean-louis-tauran-le-courage-et-la-liberte\/embed\/#?secret=xdy3lviGio\" width=\"600\" height=\"338\" title=\"\u00ab\u00a0Jean-Louis Tauran : Le courage et la libert\u00e9 &#8211;  Mgr Jean-Marc Aveline\u00a0\u00bb &#8212; Chemins de Dialogue\" data-secret=\"xdy3lviGio\" frameborder=\"0\" marginwidth=\"0\" marginheight=\"0\" scrolling=\"no\" class=\"wp-embedded-content\"><\/iframe><script type=\"text\/javascript\">\n\/*! This file is auto-generated *\/\n!function(c,d){\"use strict\";var e=!1,o=!1;if(d.querySelector)if(c.addEventListener)e=!0;if(c.wp=c.wp||{},c.wp.receiveEmbedMessage);else if(c.wp.receiveEmbedMessage=function(e){var t=e.data;if(!t);else if(!(t.secret||t.message||t.value));else if(\/[^a-zA-Z0-9]\/.test(t.secret));else{for(var r,s,a,i=d.querySelectorAll('iframe[data-secret=\"'+t.secret+'\"]'),n=d.querySelectorAll('blockquote[data-secret=\"'+t.secret+'\"]'),o=new RegExp(\"^https?:$\",\"i\"),l=0;l<n.length;l++)n[l].style.display=\"none\";for(l=0;l<i.length;l++)if(r=i[l],e.source!==r.contentWindow);else{if(r.removeAttribute(\"style\"),\"height\"===t.message){if(1e3<(s=parseInt(t.value,10)))s=1e3;else if(~~s<200)s=200;r.height=s}if(\"link\"===t.message)if(s=d.createElement(\"a\"),a=d.createElement(\"a\"),s.href=r.getAttribute(\"src\"),a.href=t.value,!o.test(a.protocol));else if(a.host===s.host)if(d.activeElement===r)c.top.location.href=t.value}}},e)c.addEventListener(\"message\",c.wp.receiveEmbedMessage,!1),d.addEventListener(\"DOMContentLoaded\",t,!1),c.addEventListener(\"load\",t,!1);function t(){if(o);else{o=!0;for(var e,t,r,s=-1!==navigator.appVersion.indexOf(\"MSIE 10\"),a=!!navigator.userAgent.match(\/Trident.*rv:11\\.\/),i=d.querySelectorAll(\"iframe.wp-embedded-content\"),n=0;n<i.length;n++){if(!(r=(t=i[n]).getAttribute(\"data-secret\")))r=Math.random().toString(36).substr(2,10),t.src+=\"#?secret=\"+r,t.setAttribute(\"data-secret\",r);if(s||a)(e=t.cloneNode(!0)).removeAttribute(\"security\"),t.parentNode.replaceChild(e,t);t.contentWindow.postMessage({message:\"ready\",secret:r},\"*\")}}}}(window,document);\n<\/script>\n","thumbnail_url":"https:\/\/icm.catholique.fr\/cheminsdedialogue\/wp-content\/uploads\/2019\/06\/Tauran-couv.jpg","thumbnail_width":1413,"thumbnail_height":2351,"description":"Le 5 juillet 2018, le Cardinal Jean-Louis Tauran s\u2019\u00e9teignait, apr\u00e8s un rude combat contre la maladie. Sa vie, d\u00e9di\u00e9e tout enti\u00e8re au service de ponts \u00e0 \u00e9difier et de chemins \u00e0 ouvrir entre les hommes les plus oppos\u00e9s, ne pouvait que susciter la m\u00e9moire et l\u2019hommage."}

Jean-Louis Tauran : Le courage et la liberté - Mgr Jean-Marc Aveline - Chemins de Dialogue

<blockquote class="wp-embedded-content" data-secret="xdy3lviGio"><a href="https://icm.catholique.fr/cheminsdedialogue/jean-louis-tauran-le-courage-et-la-liberte/">Jean-Louis Tauran : Le courage et la liberté &#8211;  Mgr Jean-Marc Aveline</a></blockquote><iframe sandbox="allow-scripts" security="restricted" src="https://icm.catholique.fr/cheminsdedialogue/jean-louis-tauran-le-courage-et-la-liberte/embed/#?secret=xdy3lviGio" width="600" height="338" title="« Jean-Louis Tauran : Le courage et la liberté &#8211;  Mgr Jean-Marc Aveline » &#8212; Chemins de Dialogue" data-secret="xdy3lviGio" frameborder="0" marginwidth="0" marginheight="0" scrolling="no" class="wp-embedded-content"></iframe><script type="text/javascript">
/*! This file is auto-generated */
!function(c,d){"use strict";var e=!1,o=!1;if(d.querySelector)if(c.addEventListener)e=!0;if(c.wp=c.wp||{},c.wp.receiveEmbedMessage);else if(c.wp.receiveEmbedMessage=function(e){var t=e.data;if(!t);else if(!(t.secret||t.message||t.value));else if(/[^a-zA-Z0-9]/.test(t.secret));else{for(var r,s,a,i=d.querySelectorAll('iframe[data-secret="'+t.secret+'"]'),n=d.querySelectorAll('blockquote[data-secret="'+t.secret+'"]'),o=new RegExp("^https?:$","i"),l=0;l<n.length;l++)n[l].style.display="none";for(l=0;l<i.length;l++)if(r=i[l],e.source!==r.contentWindow);else{if(r.removeAttribute("style"),"height"===t.message){if(1e3<(s=parseInt(t.value,10)))s=1e3;else if(~~s<200)s=200;r.height=s}if("link"===t.message)if(s=d.createElement("a"),a=d.createElement("a"),s.href=r.getAttribute("src"),a.href=t.value,!o.test(a.protocol));else if(a.host===s.host)if(d.activeElement===r)c.top.location.href=t.value}}},e)c.addEventListener("message",c.wp.receiveEmbedMessage,!1),d.addEventListener("DOMContentLoaded",t,!1),c.addEventListener("load",t,!1);function t(){if(o);else{o=!0;for(var e,t,r,s=-1!==navigator.appVersion.indexOf("MSIE 10"),a=!!navigator.userAgent.match(/Trident.*rv:11\./),i=d.querySelectorAll("iframe.wp-embedded-content"),n=0;n<i.length;n++){if(!(r=(t=i[n]).getAttribute("data-secret")))r=Math.random().toString(36).substr(2,10),t.src+="#?secret="+r,t.setAttribute("data-secret",r);if(s||a)(e=t.cloneNode(!0)).removeAttribute("security"),t.parentNode.replaceChild(e,t);t.contentWindow.postMessage({message:"ready",secret:r},"*")}}}}(window,document);
</script>

Le 5 juillet 2018, le Cardinal Jean-Louis Tauran s’éteignait, après un rude combat contre la maladie. Sa vie, dédiée tout entière au service de ponts à édifier et de chemins à ouvrir entre les hommes les plus opposés, ne pouvait que susciter la mémoire et l’hommage.
